{"id":14,"date":"2015-04-05T20:23:16","date_gmt":"2015-04-05T18:23:16","guid":{"rendered":"http:\/\/wp.laienspielschar-schaffhausen.de\/?page_id=14"},"modified":"2024-09-04T01:52:05","modified_gmt":"2024-09-03T23:52:05","slug":"philosophie","status":"publish","type":"page","link":"https:\/\/www.laienspielschar-schaffhausen.de\/?page_id=14","title":{"rendered":"Philosophie"},"content":{"rendered":"<p><a href=\"https:\/\/www.laienspielschar-schaffhausen.de\/wp-content\/uploads\/2024\/09\/Screenshot_20220331_235854.jpg\"><img loading=\"lazy\" decoding=\"async\" class=\"alignnone size-large wp-image-655\" src=\"https:\/\/www.laienspielschar-schaffhausen.de\/wp-content\/uploads\/2024\/09\/Screenshot_20220331_235854-1024x604.jpg\" alt=\"\" width=\"750\" height=\"442\" srcset=\"https:\/\/www.laienspielschar-schaffhausen.de\/wp-content\/uploads\/2024\/09\/Screenshot_20220331_235854-1024x604.jpg 1024w, https:\/\/www.laienspielschar-schaffhausen.de\/wp-content\/uploads\/2024\/09\/Screenshot_20220331_235854-300x177.jpg 300w, https:\/\/www.laienspielschar-schaffhausen.de\/wp-content\/uploads\/2024\/09\/Screenshot_20220331_235854-768x453.jpg 768w, https:\/\/www.laienspielschar-schaffhausen.de\/wp-content\/uploads\/2024\/09\/Screenshot_20220331_235854.jpg 1080w\" sizes=\"auto, (max-width: 750px) 100vw, 750px\" \/><\/a><\/p>\n<p>Wir spielen Weihnachtsm\u00e4rchen f\u00fcr Kinder ab 4 Jahre und f\u00fcr Erwachsene.<\/p>\n<ul>\n<li>Jedes Jahr ein neues M\u00e4rchen<\/li>\n<li>Unser Publikum wird an vielen Stellen ins M\u00e4rchen mit einbezogen.<\/li>\n<li>Die Zuschauer erleben die M\u00e4rchenwelt authentisch.<\/li>\n<li style=\"text-align: left;\">Wir orientieren uns weitgehend am Original. Seit einigen Jahren schreiben wir unsere Theaterst\u00fccke selbst.<\/li>\n<li>Kinder, Jugendliche und Erwachsenen spielen zusammen.<\/li>\n<li>Wir spenden f\u00fcr karitative Einrichtungen im Saarland.<\/li>\n<\/ul>\n","protected":false},"excerpt":{"rendered":"<p>Wir spielen Weihnachtsm\u00e4rchen f\u00fcr Kinder ab 4 Jahre und f\u00fcr Erwachsene. Jedes Jahr ein neues M\u00e4rchen Unser Publikum wird an vielen Stellen ins M\u00e4rchen mit einbezogen. Die Zuschauer erleben die M\u00e4rchenwelt authentisch. Wir orientieren uns weitgehend am Original. Seit einigen<\/p>\n","protected":false},"author":1,"featured_media":0,"parent":0,"menu_order":0,"comment_status":"closed","ping_status":"closed","template":"","meta":{"footnotes":""},"class_list":["post-14","page","type-page","status-publish","hentry","","tg-column-two"],"_links":{"self":[{"href":"https:\/\/www.laienspielschar-schaffhausen.de\/index.php?rest_route=\/wp\/v2\/pages\/14","targetHints":{"allow":["GET"]}}],"collection":[{"href":"https:\/\/www.laienspielschar-schaffhausen.de\/index.php?rest_route=\/wp\/v2\/pages"}],"about":[{"href":"https:\/\/www.laienspielschar-schaffhausen.de\/index.php?rest_route=\/wp\/v2\/types\/page"}],"author":[{"embeddable":true,"href":"https:\/\/www.laienspielschar-schaffhausen.de\/index.php?rest_route=\/wp\/v2\/users\/1"}],"replies":[{"embeddable":true,"href":"https:\/\/www.laienspielschar-schaffhausen.de\/index.php?rest_route=%2Fwp%2Fv2%2Fcomments&post=14"}],"version-history":[{"count":2,"href":"https:\/\/www.laienspielschar-schaffhausen.de\/index.php?rest_route=\/wp\/v2\/pages\/14\/revisions"}],"predecessor-version":[{"id":656,"href":"https:\/\/www.laienspielschar-schaffhausen.de\/index.php?rest_route=\/wp\/v2\/pages\/14\/revisions\/656"}],"wp:attachment":[{"href":"https:\/\/www.laienspielschar-schaffhausen.de\/index.php?rest_route=%2Fwp%2Fv2%2Fmedia&parent=14"}],"curies":[{"name":"wp","href":"https:\/\/api.w.org\/{rel}","templated":true}]}}