{"id":10,"date":"2015-04-05T20:19:48","date_gmt":"2015-04-05T18:19:48","guid":{"rendered":"http:\/\/wp.laienspielschar-schaffhausen.de\/?page_id=10"},"modified":"2025-10-06T09:42:29","modified_gmt":"2025-10-06T07:42:29","slug":"willkommen","status":"publish","type":"page","link":"https:\/\/www.laienspielschar-schaffhausen.de\/","title":{"rendered":"Willkommen bei der Laienspielschar Schaffhausen"},"content":{"rendered":"<blockquote><p><strong>\u00a0<\/strong><\/p><\/blockquote>\n<p style=\"text-align: center;\"><a href=\"https:\/\/www.laienspielschar-schaffhausen.de\/wp-content\/uploads\/2024\/09\/IMG-20230507-WA0015.jpg\"><img loading=\"lazy\" decoding=\"async\" class=\"alignnone size-large wp-image-651\" src=\"https:\/\/www.laienspielschar-schaffhausen.de\/wp-content\/uploads\/2024\/09\/IMG-20230507-WA0015-1024x1011.jpg\" alt=\"\" width=\"750\" height=\"740\" srcset=\"https:\/\/www.laienspielschar-schaffhausen.de\/wp-content\/uploads\/2024\/09\/IMG-20230507-WA0015-1024x1011.jpg 1024w, https:\/\/www.laienspielschar-schaffhausen.de\/wp-content\/uploads\/2024\/09\/IMG-20230507-WA0015-300x296.jpg 300w, https:\/\/www.laienspielschar-schaffhausen.de\/wp-content\/uploads\/2024\/09\/IMG-20230507-WA0015-768x758.jpg 768w, https:\/\/www.laienspielschar-schaffhausen.de\/wp-content\/uploads\/2024\/09\/IMG-20230507-WA0015.jpg 1170w\" sizes=\"auto, (max-width: 750px) 100vw, 750px\" \/><\/a><\/p>\n<p>&nbsp;<\/p>\n<p>&nbsp;<\/p>\n<p>Die Laienspielschar der Evangelischen Kirchengemeinde Schaffhausen pr\u00e4sentiert dieses Jahr das Weihnachtsm\u00e4rchen&#8230;<\/p>\n<p><a href=\"https:\/\/www.laienspielschar-schaffhausen.de\/wp-content\/uploads\/2025\/10\/Screenshot_20250924_211800_Adobe-Acrobat.jpg\"><img loading=\"lazy\" decoding=\"async\" class=\"alignnone size-large wp-image-670\" src=\"https:\/\/www.laienspielschar-schaffhausen.de\/wp-content\/uploads\/2025\/10\/Screenshot_20250924_211800_Adobe-Acrobat-732x1024.jpg\" alt=\"\" width=\"732\" height=\"1024\" srcset=\"https:\/\/www.laienspielschar-schaffhausen.de\/wp-content\/uploads\/2025\/10\/Screenshot_20250924_211800_Adobe-Acrobat-732x1024.jpg 732w, https:\/\/www.laienspielschar-schaffhausen.de\/wp-content\/uploads\/2025\/10\/Screenshot_20250924_211800_Adobe-Acrobat-214x300.jpg 214w, https:\/\/www.laienspielschar-schaffhausen.de\/wp-content\/uploads\/2025\/10\/Screenshot_20250924_211800_Adobe-Acrobat-768x1075.jpg 768w, https:\/\/www.laienspielschar-schaffhausen.de\/wp-content\/uploads\/2025\/10\/Screenshot_20250924_211800_Adobe-Acrobat.jpg 1067w\" sizes=\"auto, (max-width: 732px) 100vw, 732px\" \/><\/a><\/p>\n<p>&nbsp;<\/p>\n<p>Komm mit in unser Wunschiversum \u2013 der Ort, an dem W\u00fcnsche wahr werden!<\/p>\n<p>Auch die junge Journalistin Tipp-Tea ist neugierig. Sie m\u00f6chte einen spannenden Zeitungsartikel \u00fcber das geheimnisvolle Thema \u201eWunscherf\u00fcllung\u201c schreiben. In der Wunschzentrale trifft sie auf den etwas sonderbaren, aber klugen Professor, der ihr erstaunliche Einblicke in die Welt der W\u00fcnsche gibt.<\/p>\n<p>Schnell merkt Tipp-Tea: So einfach, wie es scheint, ist das mit der Wunscherf\u00fcllung nicht. Denn die Wunschzentrale sortiert schwierige oder bedeutungsvolle W\u00fcnsche aus. Das will Tipp-Tea nicht einfach hinnehmen. Ihr Ziel ist klar: Auch unerf\u00fcllte W\u00fcnsche sollen erf\u00fcllt werden.<\/p>\n<p>Zusammen mit dem Professor reist sie\u00a0durch das Wunschiversum, auf der Suche nach einem verlorenen gegangenen Wunsch. Auf ihrem Abenteuer begegnen sie faszinierenden, teils au\u00dferirdischen Wesen \u2013 und sie m\u00fcssen so manche knifflige Aufgabe meistern.<\/p>\n<p>Seid ihr neugierig geworden?<br \/>\nDann freuen wir uns auf Euren Besuch bei einer unserer Vorstellungen! <\/p>\n<p>&nbsp;<\/p>\n<p>Der Kartenverkauf beginnt am 06.10.2025.<\/p>\n<p>Dieses Jahr k\u00f6nnt ihr die Karten ausschlie\u00dflich \u00fcber unser Online-Portal reservieren.<\/p>\n<p>&nbsp;<\/p>\n<p>Hier der Link:<\/p>\n<p>https:\/\/easy-tickets.app\/veranstalter\/laienspielschar-schaffhausen-d59c357909ab45c8\/<\/p>\n","protected":false},"excerpt":{"rendered":"<p>\u00a0 &nbsp; &nbsp; Die Laienspielschar der Evangelischen Kirchengemeinde Schaffhausen pr\u00e4sentiert dieses Jahr das Weihnachtsm\u00e4rchen&#8230; &nbsp; Komm mit in unser Wunschiversum \u2013 der Ort, an dem W\u00fcnsche wahr werden! Auch die junge Journalistin Tipp-Tea ist neugierig. Sie m\u00f6chte einen spannenden Zeitungsartikel<\/p>\n","protected":false},"author":1,"featured_media":0,"parent":0,"menu_order":0,"comment_status":"closed","ping_status":"closed","template":"","meta":{"footnotes":""},"class_list":["post-10","page","type-page","status-publish","hentry","","tg-column-two"],"_links":{"self":[{"href":"https:\/\/www.laienspielschar-schaffhausen.de\/index.php?rest_route=\/wp\/v2\/pages\/10","targetHints":{"allow":["GET"]}}],"collection":[{"href":"https:\/\/www.laienspielschar-schaffhausen.de\/index.php?rest_route=\/wp\/v2\/pages"}],"about":[{"href":"https:\/\/www.laienspielschar-schaffhausen.de\/index.php?rest_route=\/wp\/v2\/types\/page"}],"author":[{"embeddable":true,"href":"https:\/\/www.laienspielschar-schaffhausen.de\/index.php?rest_route=\/wp\/v2\/users\/1"}],"replies":[{"embeddable":true,"href":"https:\/\/www.laienspielschar-schaffhausen.de\/index.php?rest_route=%2Fwp%2Fv2%2Fcomments&post=10"}],"version-history":[{"count":41,"href":"https:\/\/www.laienspielschar-schaffhausen.de\/index.php?rest_route=\/wp\/v2\/pages\/10\/revisions"}],"predecessor-version":[{"id":671,"href":"https:\/\/www.laienspielschar-schaffhausen.de\/index.php?rest_route=\/wp\/v2\/pages\/10\/revisions\/671"}],"wp:attachment":[{"href":"https:\/\/www.laienspielschar-schaffhausen.de\/index.php?rest_route=%2Fwp%2Fv2%2Fmedia&parent=10"}],"curies":[{"name":"wp","href":"https:\/\/api.w.org\/{rel}","templated":true}]}}